2 - 8/3) + 17024/(-24). List the prime factors of k/(-4) - 3/2.
2, 11
Let m(f) = -2*f**3 + 7*f**2 + 16*f - 21. Let x be m(7). Let t = -146 - x. What are the prime factors of t?
2, 53
Suppose 0 = -8*j + 3*j + 60. What are the prime factors of (-2)/(-3)*(99 - j)?
2, 29
Suppose 4*v + 350 = -t - 8, 5*v + 2*t + 449 = 0. Let g = -48 - v. What are the prime factors of g?
41
Let w(s) = s**3 + 4*s + 13. Let l be w(7). Suppose h + r - 95 = 2*r, -4*h = -3*r - l. What are the prime factors of h?
3, 11
Let r(o) = -o**3 + 7*o**2 + 4*o + 1. Let v be r(6). Suppose 0 = 2*b - v + 1. What are the prime factors of b?
2, 3, 5
Let x be 26/10 - 28/(-70). Suppose -x*s + 6*s - 114 = 5*n, 0 = 2*n + 6. List the prime factors of s.
3, 11
Let d = 13 - 23. Let g be ((-4)/d)/((-9)/(-990)). Let y = -19 + g. List the prime factors of y.
5
Let q(y) = -y**2 - 13*y - 6. Let u be q(-9). Let p be -25*(-3)/u*-4. Let b = p - -18. List the prime factors of b.
2
Let l = -49 - -52. Suppose -d = -j + 98, -j - l*d - d = -98. List the prime factors of j.
2, 7
Suppose 7*f = 3*c + 4*f - 702, -2*c + 3*f + 463 = 0. What are the prime factors of c?
239
Suppose -358 = -2*u + 384. Let p = u - 214. List the prime factors of p.
157
Let v be 56/(-70)*5/(-2). List the prime factors of -5 + (7 - -251) + (-6)/v.
2, 5
Let g(p) = -4*p**2 + 18*p - 22*p - 3 + 3*p**2. Let d be g(-3). Suppose 6*t + 5 - 41 = d. List the prime factors of t.
2, 3
List the prime factors of 1622 + (-1 - 1/((-2)/10)).
2, 3, 271
Let m be 0 + 9/(9/2). Suppose 2*u = -10, m*z - z - 94 = -3*u. List the prime factors of z.
109
Let z(r) = -3*r - 1. Suppose 5*f - f = 4*v, 2*f + v + 6 = 0. Let q be z(f). Suppose 2*o - d - 76 = -6*d, 0 = q*o + 5*d - 160. What are the prime factors of o?
2, 7
Suppose 0 = -h + 3*h - 86. Let v = h + -85. Let d = 62 + v. List the prime factors of d.
2, 5
Let y(s) = s**3 - 8*s**2 - 20*s + 4. Let d be y(10). Suppose -96 = -5*r - 11. Let p = d + r. List the prime factors of p.
3, 7
Let j(a) = -63*a + 106. List the prime factors of j(-18).
2, 5, 31
What are the prime factors of (6 + 117/(-18))/((-1)/2124)?
2, 3, 59
Suppose 4*z - 213 = -4*s + 1815, 2*z = s - 495. What are the prime factors of s?
503
Let q = 6132 - 3659. List the prime factors of q.
2473
Suppose 11*r = -4*r + 60720. What are the prime factors of r?
2, 11, 23
Suppose 497 = y + 4*j, 5*y = -j - 303 + 2693. List the prime factors of y.
3, 53
Suppose 0 = -35*a + 41*a - 4626. List the prime factors of a.
3, 257
Suppose -3*h - 5*a + 1340 = 0, 2*a + 3446 = 5*h + 1161. List the prime factors of h.
5, 7, 13
Let n(a) = -2*a**3 + 8*a**2 + 7*a + 5. List the prime factors of n(-5).
2, 3, 5, 7
Let f = -337 + -119. Let k = -232 - f. List the prime factors of k.
2, 7
Let n = -2 - -4. Suppose 2*l = n*b + 262, b + 1 + 0 = 0. List the prime factors of l.
2, 5, 13
Let m = -9 - -12. Suppose v + 0*v - m = 0. Suppose 0 = 4*n - 4*h - 116, n - v*h - 4 = 33. What are the prime factors of n?
5
Suppose 10530 - 772 = 7*o. List the prime factors of o.
2, 17, 41
Let q(o) be the third derivative of -o**5/60 - o**4/2 + 10*o**3/3 + 14*o**2. List the prime factors of q(-11).
31
Suppose 0 = -9*p + 7*p - 236. Let j = -67 - p. What are the prime factors of j?
3, 17
Let s = -14 - -18. Suppose 8 = 3*b - s. Suppose 0 = -5*m + b*w + 23, 0 = 5*m - 2*w - w - 26. List the prime factors of m.
7
Let x(s) = -3*s**2 - 6*s + 20. Let u(y) = -4*y**2 - 5*y + 19. Let k(q) = 2*u(q) - 3*x(q). Let f be k(-10). List the prime factors of 55/2 + f/4.
3
Suppose 69*x + 783 = 72*x. What are the prime factors of x?
3, 29
Suppose -3186 = -3*c - 3*w, 6*w - 2 = 7*w. What are the prime factors of c?
2, 7, 19
Let p = 133 - 108. What are the prime factors of p?
5
Suppose -410 = z - 1615. List the prime factors of z.
5, 241
Suppose -552 + 4208 = 2*i. What are the prime factors of (-2)/(-4) + i/8 + -3?
2, 113
Let j be -10*(0 + 1)/1. Let u(f) = -f**3 - 6*f**2 + 10*f - 6. What are the prime factors of u(j)?
2, 3, 7
Let f be (-1)/(-1)*(3 + -1). Suppose 11 = f*x - 99. What are the prime factors of x?
5, 11
Let z(x) be the first derivative of x**3/6 + 6*x**2 - x + 6. Let j(f) be the first derivative of z(f). List the prime factors of j(9).
3, 7
Suppose -r - 13 = -4*r - 4*q, -60 = -5*r + q. Suppose 10*h - r*h = -286. What are the prime factors of h?
2, 11, 13
Let s = -3 + -21. Let a = 26 + s. Suppose f - 56 = 3*n + n, a*n = 5*f - 262. List the prime factors of f.
2, 13
Suppose 5*f = 5*o - 25, 2*f + 1 + 1 = 0. Let n = 6 - o. Suppose n = -5*m + 92. What are the prime factors of m?
2, 3
Suppose -4*l + 7*l - 21 = 0. Let u(x) = 11*x - 60. What are the prime factors of u(l)?
17
Let f(b) = 2*b**2 + 12*b - 3. What are the prime factors of f(-18)?
3, 11, 13
List the prime factors of (1 - 353/(-3))*3/1.
2, 89
Let z = -342 - -352. Let j be 2/(-8) + 114/8. Let d = z + j. What are the prime factors of d?
2, 3
Let c be -27*-1*(-1)/1. Suppose 10 = -5*r - q, -5*r - 4 = -3*r - q. List the prime factors of c*(r + (-2)/(-2)).
3
Suppose 15*k - 27*k + 16248 = 0. List the prime factors of k.
2, 677
List the prime factors of 1*(-1)/(-7) + (-303301)/(-161).
2, 3, 157
Suppose -5*s = 5*b + 1385, -b = -3*b + 10. Let d be s/(-9) - (-2)/(-6). Suppose 4*r - 2 = 2*q, 4*q - 5*r + 4*r = d. List the prime factors of q.
3
Let f(i) = -3*i - 1. Let x(j) = -34*j - 13. Let p(c) = -44*f(c) + 4*x(c). Suppose -h - 13 = -4. What are the prime factors of p(h)?
2, 7
Suppose -28*f + 6237 = 5*f. List the prime factors of f.
3, 7
Let j = 0 + 8. Let l = j - 42. Let g = l - -56. What are the prime factors of g?
2, 11
Suppose -30725 = -34*v + 3615. List the prime factors of v.
2, 5, 101
Suppose -3*d - 2*k = -0*d - 27, -4*k = -2*d + 18. Suppose 57 = 3*b - d. List the prime factors of b.
2, 11
Let f = 5 + -2. Let v(p) = -3 - 2*p**f + 1 + 7*p**2 + 6*p + 3*p**3. List the prime factors of v(-5).
2, 3
Suppose 0 = 4*k - 12. Suppose l = -2*l - k, 4*x - 8 = -4*l. Suppose x*c - 5 = -2*f + 82, -5*f = -5*c + 120. List the prime factors of c.
3
Let a be 1 - (-1)/(-2)*-2. Suppose 5*r = c + 4*c - 375, a*c = -4*r + 174. Suppose -4*z + 2*y = -158, -3*y - 119 = -5*z + c. What are the prime factors of z?
3, 13
Suppose 3*b = -3*o + 2814, -4*b - 11 - 5 = 0. What are the prime factors of o?
2, 3, 157
Suppose -18*g + 21*g = 12. What are the prime factors of -5 - (3 + -285 - g)?
281
Let r(u) = u**2 + 16*u + 10. What are the prime factors of r(8)?
2, 101
Suppose u = 2 + 2. Let m(w) be the third derivative of w**5/15 - w**4/4 + w**3/3 - 4*w**2. What are the prime factors of m(u)?
2, 3, 7
List the prime factors of -1 + 5/3 + 118032/72.
2, 5, 41
Suppose s - 3*s = 2*c - 20, 8 = 4*c - 4*s. Suppose -t - 2*h = 6 - 2, -2*t - 2*h = -2. What are the prime factors of t/18 - (-190)/c?
2
Suppose -21*z + 27*z = 1734. What are the prime factors of z?
17
Let u = -5 + -65. Let h be (-2 - -2*3) + u. What are the prime factors of ((-8)/(-24))/((-2)/h)?
11
Suppose 3*k - 4446 = -10*k. What are the prime factors of k?
2, 3, 19
Suppose 18 = -2*m - 3*s, s = 4*m + 1 + 7. Let t = -6 - -11. Let r = t + m. List the prime factors of r.
2
Let c(w) = -3*w - 13. Suppose 0*l - 3*l = 21. Let t be c(l). Let k = t - -19. What are the prime factors of k?
3
Suppose 110 = u - 4*w, 0 = 16*w - 12*w + 8. Let m = u - -44. What are the prime factors of m?
2, 73
Suppose n = 4*x + 42, -2*n = -2*x - 2*x - 64. Let s = 22 + n. What are the prime factors of s?
2, 11
Let y(c) = -8*c + 21. Let l(f) = -4*f + 10. Let b(w) = -7*l(w) + 3*y(w). Let u be 6 - (0 - -6) - 6/(-2). What are the prime factors of b(u)?
5
What are the prime factors of ((-14)/21 - -4)*(-23640)/(-25)?
2, 197
Suppose 2*w + 2*t = -2*t + 24, 0 = -w + 2*t + 20. Let o = -18 + w. List the prime factors of -7*(-1 - 0/o).
7
Let y be ((-6)/9)/((-100)/(-36) + -3). Suppose 0 = y*d + 3, 9*d = 2*s + 4*d - 261. List the prime factors of s.
2
Suppose 3*z = -8 + 2. List the prime factors of -6*(47/2*z)/2.
3, 47
Let a = -51 - -35. Suppose -4*v + c + 4*c = -128, -v = -3*c - 39. Let l = v + a. List the prime factors of l.
11
Suppose 2*n + 8 = n. Let r = -11 - n. List the prime factors of -1*(r/1 - 25).
2, 7
Suppose 5*j = 3*g - 19, -2*g + j + 8 = -0. Suppose 159 = 6*a - g*a. List the prime factors of a.
53
Suppose m + 1853 = f, -3*f + 615 = -4*m - 4942. What are the prime factors of f?
5, 7, 53
Supp